{"id":566,"date":"2024-10-04T14:35:58","date_gmt":"2024-10-04T12:35:58","guid":{"rendered":"https:\/\/mc.danmarksveteraner.dk\/wordpress\/?page_id=566"},"modified":"2024-10-04T17:39:10","modified_gmt":"2024-10-04T15:39:10","slug":"bliv-medlem","status":"publish","type":"page","link":"https:\/\/mc.danmarksveteraner.dk\/wordpress\/bliv-medlem\/","title":{"rendered":"Bliv medlem"},"content":{"rendered":"\n<p><\/p>\n\n\n\n<figure class=\"wp-block-image size-full\"><img loading=\"lazy\" decoding=\"async\" width=\"600\" height=\"395\" src=\"https:\/\/mc.danmarksveteraner.dk\/wordpress\/wp-content\/uploads\/2024\/10\/gaularfjellet.jpg\" alt=\"\" class=\"wp-image-593\" srcset=\"https:\/\/mc.danmarksveteraner.dk\/wordpress\/wp-content\/uploads\/2024\/10\/gaularfjellet.jpg 600w, https:\/\/mc.danmarksveteraner.dk\/wordpress\/wp-content\/uploads\/2024\/10\/gaularfjellet-300x198.jpg 300w\" sizes=\"(max-width: 600px) 100vw, 600px\" \/><\/figure>\n\n\n\n<p class=\"has-text-align-center\"><em>Nordic Veteran Tour 2022 ved Gaularfjeldet i Norge.<\/em><\/p>\n\n\n\n<p>Hvorfor skal du blive medlem af <strong>Danmarks Veteraners MC Klub<\/strong>?<\/p>\n\n\n\n<p>Som medlem af <strong>Danmarks Veteraners MC Klub<\/strong> er du med til:<\/p>\n\n\n\n<ul>\n<li>at v\u00e6re en del af et aktivt f\u00e6llesskab<\/li>\n\n\n\n<li>at st\u00f8tte op om aktiviteter for veteraner p\u00e5 motorcykel<\/li>\n\n\n\n<li>at v\u00e6re med til at bestemme, hvilke aktiviteter vi skal lave for veteraner<\/li>\n\n\n\n<li>at v\u00e6re med i den sjoveste og gladeste forening for motorcyklister i Danmarks Veteraner<\/li>\n\n\n\n<li>at st\u00f8tte op om Danmarks Veteraner og Veteranst\u00f8tten &#8211; der arbejder for alle veteraners vilk\u00e5r<\/li>\n\n\n\n<li>at finansiere driften af klubben via dit kontingent til Danmarks Veteraner<\/li>\n<\/ul>\n\n\n\n<p><a href=\"https:\/\/danmarksveteraner.us14.list-manage.com\/subscribe?u=a64b81d5a0fbbecb650b9d99f&amp;id=c61130804c\" data-type=\"link\" data-id=\"https:\/\/danmarksveteraner.us14.list-manage.com\/subscribe?u=a64b81d5a0fbbecb650b9d99f&amp;id=c61130804c\" target=\"_blank\" rel=\"noreferrer noopener\">Tryk her for at melde dig ind &#8211; <strong>husk at v\u00e6lge &#8220;Danmarks Veteraners Motorcykelklub&#8221;<\/strong> under &#8220;V\u00e6lg forening&#8221;.<\/a><\/p>\n\n\n\n<p>(\u00c5bner i et nyt vindue)<\/p>\n","protected":false},"excerpt":{"rendered":"<p>Nordic Veteran Tour 2022 ved Gaularfjeldet i Norge. Hvorfor skal du blive medlem af Danmarks Veteraners MC Klub? Som medlem<\/p>\n","protected":false},"author":8,"featured_media":0,"parent":0,"menu_order":0,"comment_status":"closed","ping_status":"closed","template":"","meta":{"footnotes":""},"_links":{"self":[{"href":"https:\/\/mc.danmarksveteraner.dk\/wordpress\/wp-json\/wp\/v2\/pages\/566"}],"collection":[{"href":"https:\/\/mc.danmarksveteraner.dk\/wordpress\/wp-json\/wp\/v2\/pages"}],"about":[{"href":"https:\/\/mc.danmarksveteraner.dk\/wordpress\/wp-json\/wp\/v2\/types\/page"}],"author":[{"embeddable":true,"href":"https:\/\/mc.danmarksveteraner.dk\/wordpress\/wp-json\/wp\/v2\/users\/8"}],"replies":[{"embeddable":true,"href":"https:\/\/mc.danmarksveteraner.dk\/wordpress\/wp-json\/wp\/v2\/comments?post=566"}],"version-history":[{"count":5,"href":"https:\/\/mc.danmarksveteraner.dk\/wordpress\/wp-json\/wp\/v2\/pages\/566\/revisions"}],"predecessor-version":[{"id":613,"href":"https:\/\/mc.danmarksveteraner.dk\/wordpress\/wp-json\/wp\/v2\/pages\/566\/revisions\/613"}],"wp:attachment":[{"href":"https:\/\/mc.danmarksveteraner.dk\/wordpress\/wp-json\/wp\/v2\/media?parent=566"}],"curies":[{"name":"wp","href":"https:\/\/api.w.org\/{rel}","templated":true}]}}