{"id":616,"date":"2024-10-04T18:08:26","date_gmt":"2024-10-04T16:08:26","guid":{"rendered":"https:\/\/mc.danmarksveteraner.dk\/wordpress\/?page_id=616"},"modified":"2026-03-04T14:47:46","modified_gmt":"2026-03-04T13:47:46","slug":"ture-med-danmarks-veteraners-mc-klub","status":"publish","type":"page","link":"https:\/\/mc.danmarksveteraner.dk\/wordpress\/ture-med-danmarks-veteraners-mc-klub\/","title":{"rendered":"P\u00e5 tur med MC Klubben"},"content":{"rendered":"\n<figure class=\"wp-block-image size-full\"><img loading=\"lazy\" decoding=\"async\" width=\"1020\" height=\"768\" src=\"https:\/\/mc.danmarksveteraner.dk\/wordpress\/wp-content\/uploads\/2026\/03\/503103120_10162537552898879_1113498005057440564_n.jpg\" alt=\"\" class=\"wp-image-703\" srcset=\"https:\/\/mc.danmarksveteraner.dk\/wordpress\/wp-content\/uploads\/2026\/03\/503103120_10162537552898879_1113498005057440564_n.jpg 1020w, https:\/\/mc.danmarksveteraner.dk\/wordpress\/wp-content\/uploads\/2026\/03\/503103120_10162537552898879_1113498005057440564_n-300x226.jpg 300w, https:\/\/mc.danmarksveteraner.dk\/wordpress\/wp-content\/uploads\/2026\/03\/503103120_10162537552898879_1113498005057440564_n-768x578.jpg 768w\" sizes=\"(max-width: 1020px) 100vw, 1020px\" \/><\/figure>\n\n\n\n<p class=\"has-medium-font-size\"><strong>2025<\/strong><\/p>\n\n\n\n<p>Den helt store opgave i 2025 var at gennemf\u00f8re Nordic Veterans MC Tour i Danmark.<\/p>\n\n\n\n<p>40 veteraner fra hele Norden samledes i Frederikshavn, og sammen k\u00f8rte vi langs Vestkysten over Hanstholm og Holstebro til Oksb\u00f8l. Fra Oksb\u00f8l gik turen til Tr\u00e6nregimentet i Aalborg, hvor den sidste del foregik med eskorte fra Milit\u00e6rpolitiet. Alle steder var regimenter og fl\u00e5destationen gode til at byde os velkomne.<\/p>\n\n\n\n<figure class=\"wp-block-gallery has-nested-images columns-default is-cropped wp-block-gallery-1 is-layout-flex wp-block-gallery-is-layout-flex\">\n<figure class=\"wp-block-image size-large\"><img loading=\"lazy\" decoding=\"async\" width=\"1024\" height=\"683\" data-id=\"706\" src=\"https:\/\/mc.danmarksveteraner.dk\/wordpress\/wp-content\/uploads\/2026\/03\/506239614_1133977055425386_3135821021241112201_n-1024x683.jpg\" alt=\"\" class=\"wp-image-706\" srcset=\"https:\/\/mc.danmarksveteraner.dk\/wordpress\/wp-content\/uploads\/2026\/03\/506239614_1133977055425386_3135821021241112201_n-1024x683.jpg 1024w, https:\/\/mc.danmarksveteraner.dk\/wordpress\/wp-content\/uploads\/2026\/03\/506239614_1133977055425386_3135821021241112201_n-300x200.jpg 300w, https:\/\/mc.danmarksveteraner.dk\/wordpress\/wp-content\/uploads\/2026\/03\/506239614_1133977055425386_3135821021241112201_n-768x512.jpg 768w, https:\/\/mc.danmarksveteraner.dk\/wordpress\/wp-content\/uploads\/2026\/03\/506239614_1133977055425386_3135821021241112201_n-1536x1024.jpg 1536w, https:\/\/mc.danmarksveteraner.dk\/wordpress\/wp-content\/uploads\/2026\/03\/506239614_1133977055425386_3135821021241112201_n.jpg 2048w\" sizes=\"(max-width: 1024px) 100vw, 1024px\" \/><\/figure>\n\n\n\n<figure class=\"wp-block-image size-large\"><img loading=\"lazy\" decoding=\"async\" width=\"1024\" height=\"683\" data-id=\"705\" src=\"https:\/\/mc.danmarksveteraner.dk\/wordpress\/wp-content\/uploads\/2026\/03\/505725214_1133977202092038_95424071442566645_n-1024x683.jpg\" alt=\"\" class=\"wp-image-705\" srcset=\"https:\/\/mc.danmarksveteraner.dk\/wordpress\/wp-content\/uploads\/2026\/03\/505725214_1133977202092038_95424071442566645_n-1024x683.jpg 1024w, https:\/\/mc.danmarksveteraner.dk\/wordpress\/wp-content\/uploads\/2026\/03\/505725214_1133977202092038_95424071442566645_n-300x200.jpg 300w, https:\/\/mc.danmarksveteraner.dk\/wordpress\/wp-content\/uploads\/2026\/03\/505725214_1133977202092038_95424071442566645_n-768x512.jpg 768w, https:\/\/mc.danmarksveteraner.dk\/wordpress\/wp-content\/uploads\/2026\/03\/505725214_1133977202092038_95424071442566645_n-1536x1024.jpg 1536w, https:\/\/mc.danmarksveteraner.dk\/wordpress\/wp-content\/uploads\/2026\/03\/505725214_1133977202092038_95424071442566645_n.jpg 2048w\" sizes=\"(max-width: 1024px) 100vw, 1024px\" \/><\/figure>\n\n\n\n<figure class=\"wp-block-image size-large\"><img loading=\"lazy\" decoding=\"async\" width=\"1024\" height=\"683\" data-id=\"704\" src=\"https:\/\/mc.danmarksveteraner.dk\/wordpress\/wp-content\/uploads\/2026\/03\/505501127_1133977132092045_880197744098369950_n-1024x683.jpg\" alt=\"\" class=\"wp-image-704\" srcset=\"https:\/\/mc.danmarksveteraner.dk\/wordpress\/wp-content\/uploads\/2026\/03\/505501127_1133977132092045_880197744098369950_n-1024x683.jpg 1024w, https:\/\/mc.danmarksveteraner.dk\/wordpress\/wp-content\/uploads\/2026\/03\/505501127_1133977132092045_880197744098369950_n-300x200.jpg 300w, https:\/\/mc.danmarksveteraner.dk\/wordpress\/wp-content\/uploads\/2026\/03\/505501127_1133977132092045_880197744098369950_n-768x512.jpg 768w, https:\/\/mc.danmarksveteraner.dk\/wordpress\/wp-content\/uploads\/2026\/03\/505501127_1133977132092045_880197744098369950_n-1536x1024.jpg 1536w, https:\/\/mc.danmarksveteraner.dk\/wordpress\/wp-content\/uploads\/2026\/03\/505501127_1133977132092045_880197744098369950_n.jpg 2048w\" sizes=\"(max-width: 1024px) 100vw, 1024px\" \/><\/figure>\n<\/figure>\n\n\n\n<p><\/p>\n\n\n\n<p>Ud over Nordic Veterans MC Tour afholdte vi to ture &#8211; en til Sj\u00e6lland og en til Vestjylland.<\/p>\n\n\n\n<figure class=\"wp-block-gallery has-nested-images columns-default is-cropped wp-block-gallery-2 is-layout-flex wp-block-gallery-is-layout-flex\">\n<figure class=\"wp-block-image size-large\"><img loading=\"lazy\" decoding=\"async\" width=\"1024\" height=\"771\" data-id=\"707\" src=\"https:\/\/mc.danmarksveteraner.dk\/wordpress\/wp-content\/uploads\/2026\/03\/551015636_10163049988293879_9203561298437511148_n-1024x771.jpg\" alt=\"\" class=\"wp-image-707\" srcset=\"https:\/\/mc.danmarksveteraner.dk\/wordpress\/wp-content\/uploads\/2026\/03\/551015636_10163049988293879_9203561298437511148_n-1024x771.jpg 1024w, https:\/\/mc.danmarksveteraner.dk\/wordpress\/wp-content\/uploads\/2026\/03\/551015636_10163049988293879_9203561298437511148_n-300x226.jpg 300w, https:\/\/mc.danmarksveteraner.dk\/wordpress\/wp-content\/uploads\/2026\/03\/551015636_10163049988293879_9203561298437511148_n-768x578.jpg 768w, https:\/\/mc.danmarksveteraner.dk\/wordpress\/wp-content\/uploads\/2026\/03\/551015636_10163049988293879_9203561298437511148_n-1536x1157.jpg 1536w, https:\/\/mc.danmarksveteraner.dk\/wordpress\/wp-content\/uploads\/2026\/03\/551015636_10163049988293879_9203561298437511148_n.jpg 2048w\" sizes=\"(max-width: 1024px) 100vw, 1024px\" \/><\/figure>\n\n\n\n<figure class=\"wp-block-image size-large\"><img loading=\"lazy\" decoding=\"async\" width=\"1024\" height=\"771\" data-id=\"708\" src=\"https:\/\/mc.danmarksveteraner.dk\/wordpress\/wp-content\/uploads\/2026\/03\/549977218_10163049987993879_6040133633372710413_n-1024x771.jpg\" alt=\"\" class=\"wp-image-708\" srcset=\"https:\/\/mc.danmarksveteraner.dk\/wordpress\/wp-content\/uploads\/2026\/03\/549977218_10163049987993879_6040133633372710413_n-1024x771.jpg 1024w, https:\/\/mc.danmarksveteraner.dk\/wordpress\/wp-content\/uploads\/2026\/03\/549977218_10163049987993879_6040133633372710413_n-300x226.jpg 300w, https:\/\/mc.danmarksveteraner.dk\/wordpress\/wp-content\/uploads\/2026\/03\/549977218_10163049987993879_6040133633372710413_n-768x578.jpg 768w, https:\/\/mc.danmarksveteraner.dk\/wordpress\/wp-content\/uploads\/2026\/03\/549977218_10163049987993879_6040133633372710413_n-1536x1157.jpg 1536w, https:\/\/mc.danmarksveteraner.dk\/wordpress\/wp-content\/uploads\/2026\/03\/549977218_10163049987993879_6040133633372710413_n.jpg 2048w\" sizes=\"(max-width: 1024px) 100vw, 1024px\" \/><\/figure>\n<\/figure>\n\n\n\n<p><\/p>\n\n\n\n<p class=\"has-medium-font-size\"><strong>2024<\/strong><\/p>\n\n\n\n<p>Vi s\u00f8gte i 2023 midler fra Veterancentrets aktivitetspulje. Vi fik tildelt 38.000 kr, og har i 2024 lavet ture til Nordjylland, Sj\u00e6lland, Harzen og Djursland.<\/p>\n\n\n\n<p>Form\u00e5let med turene er, at skabe f\u00e6llesskaber for veteraner og samle dem om en f\u00e6lles interesse. <\/p>\n\n\n\n<p>Midlerne er blevet brugt p\u00e5 indkvartering, mad og entr\u00e9er til sev\u00e6rdigheder og museer, s\u00e5 turene er blevet s\u00e5 billige som muligt for deltagerne.<\/p>\n\n\n\n<figure class=\"wp-block-gallery has-nested-images columns-default is-cropped wp-block-gallery-3 is-layout-flex wp-block-gallery-is-layout-flex\">\n<figure class=\"wp-block-image size-large\"><img loading=\"lazy\" decoding=\"async\" width=\"1024\" height=\"768\" data-id=\"630\" src=\"https:\/\/mc.danmarksveteraner.dk\/wordpress\/wp-content\/uploads\/2024\/10\/58a4ee72-d3d8-422e-bc84-9d2f8370fdf1-1024x768.jpg\" alt=\"\" class=\"wp-image-630\" srcset=\"https:\/\/mc.danmarksveteraner.dk\/wordpress\/wp-content\/uploads\/2024\/10\/58a4ee72-d3d8-422e-bc84-9d2f8370fdf1-1024x768.jpg 1024w, https:\/\/mc.danmarksveteraner.dk\/wordpress\/wp-content\/uploads\/2024\/10\/58a4ee72-d3d8-422e-bc84-9d2f8370fdf1-300x225.jpg 300w, https:\/\/mc.danmarksveteraner.dk\/wordpress\/wp-content\/uploads\/2024\/10\/58a4ee72-d3d8-422e-bc84-9d2f8370fdf1-768x576.jpg 768w, https:\/\/mc.danmarksveteraner.dk\/wordpress\/wp-content\/uploads\/2024\/10\/58a4ee72-d3d8-422e-bc84-9d2f8370fdf1-1536x1152.jpg 1536w, https:\/\/mc.danmarksveteraner.dk\/wordpress\/wp-content\/uploads\/2024\/10\/58a4ee72-d3d8-422e-bc84-9d2f8370fdf1.jpg 2048w\" sizes=\"(max-width: 1024px) 100vw, 1024px\" \/><\/figure>\n\n\n\n<figure class=\"wp-block-image size-large\"><img loading=\"lazy\" decoding=\"async\" width=\"1024\" height=\"773\" data-id=\"625\" src=\"https:\/\/mc.danmarksveteraner.dk\/wordpress\/wp-content\/uploads\/2024\/10\/d38564d7-0361-45f7-bd04-79244773c5cc-1024x773.jpg\" alt=\"\" class=\"wp-image-625\" srcset=\"https:\/\/mc.danmarksveteraner.dk\/wordpress\/wp-content\/uploads\/2024\/10\/d38564d7-0361-45f7-bd04-79244773c5cc-1024x773.jpg 1024w, https:\/\/mc.danmarksveteraner.dk\/wordpress\/wp-content\/uploads\/2024\/10\/d38564d7-0361-45f7-bd04-79244773c5cc-300x226.jpg 300w, https:\/\/mc.danmarksveteraner.dk\/wordpress\/wp-content\/uploads\/2024\/10\/d38564d7-0361-45f7-bd04-79244773c5cc-768x580.jpg 768w, https:\/\/mc.danmarksveteraner.dk\/wordpress\/wp-content\/uploads\/2024\/10\/d38564d7-0361-45f7-bd04-79244773c5cc-1536x1160.jpg 1536w, https:\/\/mc.danmarksveteraner.dk\/wordpress\/wp-content\/uploads\/2024\/10\/d38564d7-0361-45f7-bd04-79244773c5cc.jpg 2048w\" sizes=\"(max-width: 1024px) 100vw, 1024px\" \/><\/figure>\n\n\n\n<figure class=\"wp-block-image size-large\"><img loading=\"lazy\" decoding=\"async\" width=\"1024\" height=\"771\" data-id=\"631\" src=\"https:\/\/mc.danmarksveteraner.dk\/wordpress\/wp-content\/uploads\/2024\/10\/IMG_20240929_112349_HDR-1024x771.jpg\" alt=\"\" class=\"wp-image-631\" srcset=\"https:\/\/mc.danmarksveteraner.dk\/wordpress\/wp-content\/uploads\/2024\/10\/IMG_20240929_112349_HDR-1024x771.jpg 1024w, https:\/\/mc.danmarksveteraner.dk\/wordpress\/wp-content\/uploads\/2024\/10\/IMG_20240929_112349_HDR-300x226.jpg 300w, https:\/\/mc.danmarksveteraner.dk\/wordpress\/wp-content\/uploads\/2024\/10\/IMG_20240929_112349_HDR-768x578.jpg 768w, https:\/\/mc.danmarksveteraner.dk\/wordpress\/wp-content\/uploads\/2024\/10\/IMG_20240929_112349_HDR-1536x1157.jpg 1536w, https:\/\/mc.danmarksveteraner.dk\/wordpress\/wp-content\/uploads\/2024\/10\/IMG_20240929_112349_HDR-2048x1542.jpg 2048w\" sizes=\"(max-width: 1024px) 100vw, 1024px\" \/><\/figure>\n<\/figure>\n\n\n\n<p><\/p>\n\n\n\n<p class=\"has-large-font-size\"><\/p>\n\n\n\n<p class=\"has-medium-font-size\"><strong>Nordic Veteran MC Tour<\/strong><\/p>\n\n\n\n<p>Nordic Veteran MC Tour g\u00e5r p\u00e5 omgang mellem de fire nordiske landes veteranorganisationer.  <\/p>\n\n\n\n<p>Vi k\u00f8rer sammen i en uge, og bes\u00f8ger garnisoner og smukke landskaber i de lande, vi bes\u00f8ger. <\/p>\n\n\n\n<p>Nordic Veteran MC Tour finansieres delvist gennem Veteranst\u00f8tten og arrangeres fra dansk side af Danmarks Veteraners MC Klub.<\/p>\n\n\n\n<p>Nordic Veteran MC Tour er den eneste aktivitet, hvor veteraner fra de fire nordiske lande m\u00f8des og skaber oplevelser sammen.<\/p>\n\n\n\n<iframe loading=\"lazy\" width=\"560\" height=\"315\" src=\"https:\/\/www.youtube.com\/embed\/OZ3CM4gIE0A?si=kDy_vyZ8GlX9PVRL\" title=\"YouTube video player\" frameborder=\"0\" allow=\"accelerometer; autoplay; clipboard-write; encrypted-media; gyroscope; picture-in-picture; web-share\" referrerpolicy=\"strict-origin-when-cross-origin\" allowfullscreen><\/iframe>\n\n\n\n<p><\/p>\n\n\n\n<figure class=\"wp-block-gallery has-nested-images columns-default is-cropped wp-block-gallery-4 is-layout-flex wp-block-gallery-is-layout-flex\">\n<figure class=\"wp-block-image size-large\"><img loading=\"lazy\" decoding=\"async\" width=\"1024\" height=\"683\" data-id=\"648\" src=\"https:\/\/mc.danmarksveteraner.dk\/wordpress\/wp-content\/uploads\/2024\/10\/8Q3A2904-1024x683.jpg\" alt=\"\" class=\"wp-image-648\" srcset=\"https:\/\/mc.danmarksveteraner.dk\/wordpress\/wp-content\/uploads\/2024\/10\/8Q3A2904-1024x683.jpg 1024w, https:\/\/mc.danmarksveteraner.dk\/wordpress\/wp-content\/uploads\/2024\/10\/8Q3A2904-300x200.jpg 300w, https:\/\/mc.danmarksveteraner.dk\/wordpress\/wp-content\/uploads\/2024\/10\/8Q3A2904-768x512.jpg 768w, https:\/\/mc.danmarksveteraner.dk\/wordpress\/wp-content\/uploads\/2024\/10\/8Q3A2904-1536x1024.jpg 1536w, https:\/\/mc.danmarksveteraner.dk\/wordpress\/wp-content\/uploads\/2024\/10\/8Q3A2904-2048x1365.jpg 2048w\" sizes=\"(max-width: 1024px) 100vw, 1024px\" \/><\/figure>\n\n\n\n<figure class=\"wp-block-image size-large\"><img loading=\"lazy\" decoding=\"async\" width=\"1024\" height=\"768\" data-id=\"646\" src=\"https:\/\/mc.danmarksveteraner.dk\/wordpress\/wp-content\/uploads\/2024\/10\/DSCN6006-1024x768.jpg\" alt=\"\" class=\"wp-image-646\" srcset=\"https:\/\/mc.danmarksveteraner.dk\/wordpress\/wp-content\/uploads\/2024\/10\/DSCN6006-1024x768.jpg 1024w, https:\/\/mc.danmarksveteraner.dk\/wordpress\/wp-content\/uploads\/2024\/10\/DSCN6006-300x225.jpg 300w, https:\/\/mc.danmarksveteraner.dk\/wordpress\/wp-content\/uploads\/2024\/10\/DSCN6006-768x576.jpg 768w, https:\/\/mc.danmarksveteraner.dk\/wordpress\/wp-content\/uploads\/2024\/10\/DSCN6006-1536x1152.jpg 1536w, https:\/\/mc.danmarksveteraner.dk\/wordpress\/wp-content\/uploads\/2024\/10\/DSCN6006-2048x1536.jpg 2048w\" sizes=\"(max-width: 1024px) 100vw, 1024px\" \/><\/figure>\n\n\n\n<figure class=\"wp-block-image size-large\"><img loading=\"lazy\" decoding=\"async\" width=\"1024\" height=\"768\" data-id=\"645\" src=\"https:\/\/mc.danmarksveteraner.dk\/wordpress\/wp-content\/uploads\/2024\/10\/DSCN6314-1024x768.jpg\" alt=\"\" class=\"wp-image-645\" srcset=\"https:\/\/mc.danmarksveteraner.dk\/wordpress\/wp-content\/uploads\/2024\/10\/DSCN6314-1024x768.jpg 1024w, https:\/\/mc.danmarksveteraner.dk\/wordpress\/wp-content\/uploads\/2024\/10\/DSCN6314-300x225.jpg 300w, https:\/\/mc.danmarksveteraner.dk\/wordpress\/wp-content\/uploads\/2024\/10\/DSCN6314-768x576.jpg 768w, https:\/\/mc.danmarksveteraner.dk\/wordpress\/wp-content\/uploads\/2024\/10\/DSCN6314-1536x1152.jpg 1536w, https:\/\/mc.danmarksveteraner.dk\/wordpress\/wp-content\/uploads\/2024\/10\/DSCN6314-2048x1536.jpg 2048w\" sizes=\"(max-width: 1024px) 100vw, 1024px\" \/><\/figure>\n<\/figure>\n\n\n\n<p><\/p>\n","protected":false},"excerpt":{"rendered":"<p>2025 Den helt store opgave i 2025 var at gennemf\u00f8re Nordic Veterans MC Tour i Danmark. 40 veteraner fra hele<\/p>\n","protected":false},"author":8,"featured_media":0,"parent":0,"menu_order":0,"comment_status":"closed","ping_status":"closed","template":"","meta":{"footnotes":""},"_links":{"self":[{"href":"https:\/\/mc.danmarksveteraner.dk\/wordpress\/wp-json\/wp\/v2\/pages\/616"}],"collection":[{"href":"https:\/\/mc.danmarksveteraner.dk\/wordpress\/wp-json\/wp\/v2\/pages"}],"about":[{"href":"https:\/\/mc.danmarksveteraner.dk\/wordpress\/wp-json\/wp\/v2\/types\/page"}],"author":[{"embeddable":true,"href":"https:\/\/mc.danmarksveteraner.dk\/wordpress\/wp-json\/wp\/v2\/users\/8"}],"replies":[{"embeddable":true,"href":"https:\/\/mc.danmarksveteraner.dk\/wordpress\/wp-json\/wp\/v2\/comments?post=616"}],"version-history":[{"count":26,"href":"https:\/\/mc.danmarksveteraner.dk\/wordpress\/wp-json\/wp\/v2\/pages\/616\/revisions"}],"predecessor-version":[{"id":713,"href":"https:\/\/mc.danmarksveteraner.dk\/wordpress\/wp-json\/wp\/v2\/pages\/616\/revisions\/713"}],"wp:attachment":[{"href":"https:\/\/mc.danmarksveteraner.dk\/wordpress\/wp-json\/wp\/v2\/media?parent=616"}],"curies":[{"name":"wp","href":"https:\/\/api.w.org\/{rel}","templated":true}]}}